, -4*u - 49 = -4*g - 11*u. Calculate h(g).
28
Let f(w) = -w**2 - 2*w + 3. Suppose -20 - 22 = 6*k. Let a(y) = y**3 + 8*y**2 + 9*y + 10. Let l be a(k). Give f(l).
-5
Let d(t) = -t**3 - 3*t**2 - 3*t - 1. Suppose 242 = 3*j - 2*l, 5*j = -0*j - l + 412. Suppose 5*a - 72 = -j. Determine d(a).
1
Let i(l) = -l - 6. Suppose 74*x + 657 = -379. Determine i(x).
8
Suppose 0 = -5*d - 15, -5*n + 4*d = -3*n - 2. Let p be (-5)/(n/8) + -2. Let q(r) = r**2 + 4*r**2 - 2852*r - 8 - 4*r**2 + 2846*r + 2. What is q(p)?
-6
Let c(f) = -2*f**2 + 18. Let g be c(0). Suppose 3*s + m = -4*m - 26, 4*m + g = -s. Let p(a) = -a**2 - 4*a - 3. Calculate p(s).
1
Let g(d) = 10*d. Suppose 10*v + 44 = 12*v. Let k = v + -23. Calculate g(k).
-10
Suppose 0 = 14*n - 18*n + 420. Let w(b) = -n*b + 47*b + 13 + b**2 + 48*b. What is w(9)?
4
Let f(w) be the second derivative of 20*w - 3/2*w**3 + 0*w**2 + 0. Calculate f(-1).
9
Suppose 0 = -3*b - 3*o - 60, 0*b - 14 = b - o. Let q = 21 + b. Let s(k) be the first derivative of -2*k**2 + 4*k + 3. Determine s(q).
-12
Let w(j) = -j**3 + j**2 - j - 1. Let k(y) = -3*y**2 - 4. Let i(v) = k(v) - w(v). Let n be (46/(-161))/((-2)/28). Give i(n).
1
Let o(d) = 4*d + 1. Suppose h + 29 = -5*t, 5*h - t + 31 = -10. Let g(y) = 2*y + 16. Let q be g(h). Determine o(q).
-7
Suppose 27 = 5*t + 2*o, 0*o = -2*t + 2*o + 8. Suppose 4*r + t*r + 9 = 0. Let s(u) = -7*u**3 + 2*u**2 + u. Calculate s(r).
8
Let a be (-14)/4*96/(-56). Suppose 16 - a = -2*h. Let d(q) = -q**2 - 3*q - 1. Determine d(h).
-11
Suppose -3*v - 10 = -5*v. Let c(m) = -141283*m + 2*m**2 - m**2 - 6 + 141280*m. Give c(v).
4
Let v(b) = -12*b**2 + 29*b + 4. Let p(g) = 7*g**2 - 15*g - 2. Let z(r) = 5*p(r) + 3*v(r). Give z(10).
22
Let r(i) = i**3 - i**2 - 2*i + 1. Let t(c) = -4*c**3 + 11*c**2 + 10*c. Let u(a) = 5*r(a) + t(a). Calculate u(-6).
5
Let o(j) = -2*j + 22. Let u be o(9). Let f(g) = -1 - g + 2*g**3 - 2*g - 3*g**2 - g**3. What is f(u)?
3
Let s(o) = -7*o**2 - 5*o - 1. Let b(v) = -31*v**2 - 21*v - 7. Let f(x) = -2*b(x) + 9*s(x). Give f(2).
-5
Suppose 4*k - 5*g = -11, 2 = -3*k + 2*k + g. Let y(r) = 14*r**2 - 168102*r - 1 + 168102*r. What is y(k)?
13
Suppose 12*u - 5 = 7*u - h, -30 = -5*u + 4*h. Suppose -35 = -5*g - 5*f - 0*f, 5*f = 0. Let b(v) = -4*v + 3*v**2 + 4 - g - u*v**2. Determine b(4).
-3
Let f(w) = w**3 - 15*w - 9*w + 6*w**2 + 2 + 28*w - 10*w - 4*w**2. Give f(-4).
-6
Let j(l) = l - 3 + 4 + 0 + 2*l. Let g(n) = -n. Let t = -26 + 25. Let q be g(t). Calculate j(q).
4
Let t(a) = -a**2 - 12*a - 8. Let k be t(-11). Let q(m) = 5*m - 16. Let d be q(k). Let g(p) = -14*p**2 + 1. Give g(d).
-13
Let t(x) = 3*x**3 - 2*x**3 + 106*x - 3 - 106*x - 7*x**2. Suppose -4*i = -2*i - 14. Calculate t(i).
-3
Let j(i) = -i**2 - 9*i - 7. Let b(z) = 3*z**2 + 29*z + 23. Let s(o) = 2*b(o) + 7*j(o). Give s(-4).
1
Let j(a) = -a - 1. Suppose 3*u = 25 - 4. Let c(m) = -2*m - 2. Let r(h) = u*j(h) - 5*c(h). Calculate r(-2).
-3
Let t(u) = -4*u**2 + 8*u + 1. Let c(y) be the second derivative of -5*y**4/12 + 3*y**3/2 + y**2 - 8*y. Let b(z) = -2*c(z) + 3*t(z). Give b(4).
-9
Let k be -8 - 0 - (-1305)/87. Let w(m) = 2*m**2 - 10*m + 4. Calculate w(k).
32
Let h(u) = -4*u**2 + 38*u - 13. Let m be h(9). Suppose 0 = -3*r + 4*j - 13, 2*r - 4*j + 5 = -m. Let p(q) = -7*q + 4. Give p(r).
25
Suppose -30 = -2*g - 10. Let a(n) = -3 - 228*n**2 + 11*n + 306*n**2 - 79*n**2. What is a(g)?
7
Suppose 4*w = 4*f + 13 - 1, -4*f = -w + 21. Let p(l) = -l**3 - 5*l - l**3 + 4*l**3 + 5*l**2 - l**3 + 6. Give p(f).
0
Let y(f) = 13*f - 46. Let s(i) = -3*i + 11. Let o(u) = 9*s(u) + 2*y(u). Let k(t) = -t**3 - 13*t**2 - 21*t + 5. Let l be k(-11). Determine o(l).
13
Let g = -3 - -5. Let h(o) = -o - 6. Let f(u) = -u - 7. Let j(d) = g*f(d) - 3*h(d). Let s(p) = -p**2 - 3*p. Let z be s(-3). Calculate j(z).
4
Let g(t) = t**3 + 6*t**2 - 10*t - 18. Let i be g(-7). Let r(l) = -3*l**2 + 2*l + 2. Determine r(i).
-19
Let z(i) = -i**3 - 5*i**2 + i + 2. Suppose -2*s - 28 = -6*s. Let o(v) = -4*v**3 - 16*v**2 + 3*v + 7. Let c(n) = s*z(n) - 2*o(n). Calculate c(3).
3
Let o(g) = -g - 2. Let q(f) = 1 + 0 - 3 - 2*f - 4. Suppose -n - 8 = -2. Let b be q(n). What is o(b)?
-8
Let l(p) = p**2 - 5*p - 7. Suppose 14 = 3*o - 10. Suppose 0 = 2*z - 2*w - o, -3*z + w + 21 = 7. What is l(z)?
-7
Let l(w) = w**2 + 2*w - 2. Let y(g) = -g**2 - 14*g - 43. Let j be y(-10). Determine l(j).
1
Let h(i) = -i**3 + 10*i**2 - 2*i + 14. Let g be h(10). Let b be 22/8 - (-6)/(-8). Let r(w) = 7*w**b + 3 + 6*w + 3 + w**3 + w. Calculate r(g).
0
Let c(v) = v**2 - 3*v - 2. Let h be c(2). Let s be (-16)/(-10)*(-10)/h. Let l(n) = -n**3 + 7*n**2 - 7*n + 6. Determine l(s).
26
Let x(t) = 9*t**3 + 3*t**2 + 2*t + 1. Let w(i) = -i**3 + 2*i**2 + 1. Let n(c) = -2*w(c) + x(c). Let b(j) = -j**2 + j + 3. Let q be b(2). Determine n(q).
11
Let k(u) be the third derivative of -u**4/4 + u**3/3 - u**2. Let d(s) = -12*s - 46. Let v be d(-4). Let q be (v/2 - -1)/(-13 - -14). Give k(q).
-10
Suppose 0 = 2*u - 4 - 0. Suppose 2 = u*t - t. Let p(i) = -2 + 2*i**3 - 3*i**2 - i**3 - 34*i + 38*i. Give p(t).
2
Let h(k) = -4*k**2 + 5. Let b(v) = 5*v**2 - 6. Let d(s) = 3*s - 54. Let i be d(17). Let j(m) = i*b(m) - 4*h(m). Let w be 1/2 + (-21)/6. Calculate j(w).
7
Let i(h) be the third derivative of -h**7/840 - h**6/90 + h**5/40 + h**4/4 - h**3/6 + 22*h**2. Let v(w) be the first derivative of i(w). Determine v(-4).
-6
Let n = 71 - 68. Let a(w) = -3 - 6*w**2 - w**3 - n*w**2 + 8*w**2 - 2*w. Give a(-2).
5
Let u = 56 - 38. Let l(c) = c**3 + c**2 - c + 14. Let s be l(0). Let p = s - u. Let z(j) = j**2 + 5*j + 6. Determine z(p).
2
Let b(o) = 5*o - 12. Let v(h) = h - 4. Let u(x) = -b(x) + 4*v(x). What is u(-4)?
0
Suppose 32 = 3*q + q - 4*m, -29 = -3*q + 4*m. Let g(r) = 4 + r**2 - 6 + q - 5*r. Suppose 3*u - 1 = 14. Calculate g(u).
1
Let v(h) = h**2 - 8*h + 5. Let t = 27 + -20. Suppose -35 = -t*z + 7. Give v(z).
-7
Let u(t) be the second derivative of -6*t - 1/15*t**5 - 7/2*t**2 + 0*t**4 + 0 - 5/6*t**3 - 1/120*t**6. Let r(g) be the first derivative of u(g). Give r(-4).
-5
Let g(t) = t**2 + 28*t + 183. Let q be g(-18). Let c(x) be the second derivative of -3/2*x**2 + 5/6*x**q + 0 + 2*x - 1/12*x**4. Give c(2).
3
Let f(c) = -c**2 - 2*c + 20. Suppose -2*r = 7*r + 54. Determine f(r).
-4
Let j(a) = 4*a + 3. Suppose 5*r + i = -2*i + 145, -4*i = r - 29. Suppose -r*t + 24*t + 15 = 0. Suppose 4 = t*l - 4*l. What is j(l)?
-13
Suppose -5*a + 420 = -80. Let n(y) = -99*y**2 + 1 + a*y**2 + 1 - 5*y - 7. Calculate n(5).
-5
Let g(a) = 10*a + 17. Let t be g(-2). Let f(s) = s + 2. Determine f(t).
-1
Let m = 1 + -4. Let u(r) be the first derivative of r**3/6 + r**2/2 - 7*r + 5. Let c(i) be the first derivative of u(i). Calculate c(m).
-2
Let z(m) be the first derivative of -m**2/2 - m - 5. Let b(d) = d**3 - 7*d**2 - 4*d - 13. Let j(i) = -b(i) + 4*z(i). What is j(7)?
9
Let x(c) = -2*c. Let y be ((-30)/(-4))/(18/12). Let l(d) = -2*d**3 - d - 2. Let j be l(-2). Suppose y*p = -1 + j. Give x(p).
-6
Let p(g) = 30*g**2 + 11*g - 6. Let w(c) = -6*c**2 - 2*c + 1. Suppose -3*x = -3*k + 33, -4*k - 2*x - x + 44 = 0. Let j(d) = k*w(d) + 2*p(d). What is j(1)?
-7
Let d be 2/(-5) - 4/(40/(-114)). Let q(a) = -7 + 15*a**3 + 10 - 16*a**3 - d*a + 10*a**2. Calculate q(9).
-15
Let d(l) = l**2 + 30*l - 25. Let s be d(-31). Let g(m) = m**3 - 5*m**2 - 6*m + 6. Determine g(s).
6
Let u(j) be the second derivative of 5*j**3/6 - 5*j**2/2 - 4*j. Let o be u(6). Suppose -2*a - 3*a = o. Let f(i) = i**2 + 6*i - 2. Calculate f(a).
-7
Let p(o) be the first derivative of o**4/4 - o**2/2 + 39*o + 97. What is p(0)?
39
Let s(q) = -2*q + 9. Let w be 4 + -4 - (-8 - -2). Suppose 0 + w = u. Calculate s(u).
-3
Let i(t) = 2*t + 19. Suppose 3*s = -12*s - 165. Determine i(s).
-3
Let v(h) = 4 - 4 + 5 - 3*h. Let z(k) = k + 1. Let x(j) = -v(j) + 2*z(j). Let m be 8/10*75/30. Calculate x(m).
7
Let f(p) = -p**2 - 3*p + 4. Let h be f(-4). Let t(d) = -22*d + h - 3 - 1 + 20*d. What is t(3)?
-10
Let d(f) = -6*f**3 - 5*f**2 + f + 23 - 18 + 7*f**3. Determine d(4).
-7
Let l(g) = g + 9. Suppose 4*f - 4*b - 40 = 0, 4*f + f - 3*b = 58. Let q = f - 14. Determine l(q).
9
Let f(h) be the first derivative of 4 - 1/4*h**4 + 1/360*h**6 + 0*h + 10/3*h**3 - 1/15*h**5 + 0*h**2. Let q(i) be the third derivative of f(i). Calculate q(6).
-18
Suppose -5*p = -15 